{"id":132,"date":"2016-05-10T03:48:21","date_gmt":"2016-05-10T03:48:21","guid":{"rendered":"https:\/\/architekten-goldbach.de\/?page_id=2"},"modified":"2016-05-10T03:48:21","modified_gmt":"2016-05-10T03:48:21","slug":"sample-page-2","status":"publish","type":"page","link":"https:\/\/architekten-goldbach.de\/","title":{"rendered":"Architekturb\u00fcro, Immobilien- und Hausverwaltung Goldbach in Fulda"},"content":{"rendered":"\n<h2 class=\"wp-block-heading\"> Wir stellen uns vor <\/h2>\n\n\n\n<p>Herzlich Willkommen beim <strong>Architekturb\u00fcro<\/strong> und der <strong>Immobilienverwaltung Goldbach<\/strong> in <strong>Fulda<\/strong>.<br \/>Mit uns haben Sie Ihren <strong>einheitlichen Kompetenzpartner<\/strong> f\u00fcr Ihre Immobilie gefunden. <\/p>\n\n\n\n<p>Professionelle L\u00f6sungen aus einer Hand &#8211; sei es der Umbau Ihres Dachstuhls oder der Rohrbruch in Ihrem Haus. <strong>Wir l\u00f6sen Ihr Problem<\/strong> und finden die richtigen Antworten auf Ihre geb\u00e4udetechnischen Fragen. <\/p>\n\n\n\n<p>Gerne stehen wir f\u00fcr Sie jederzeit mit Rat und Tat zur Seite.&nbsp; Dabei k\u00f6nnen Sie auf unsere \u00fcber Jahrzehnte hinweg gesammelte Erfahrung vertrauen. Eine <strong>vertraute Partnerschaft<\/strong> ist unser Schl\u00fcssel f\u00fcr den gemeinsamen Erfolg. Werden auch Sie einer von unseren <strong>zufriedenen Kunden<\/strong>. Wir arbeiten ehrlich, gr\u00fcndlich, kosteng\u00fcnstig, ordentlich und zuverl\u00e4ssig. <\/p>\n\n\n\n<p>Wir freuen uns auf Ihre <a href=\"https:\/\/architekten-goldbach.de\/?page_id=55\">Nachricht<\/a>. <\/p>\n\n\n\n<p class=\"has-text-align-left\">Ihr Thomas-Walter Goldbach,  Dipl.Ing.(FH) Architekt <br \/><em>Gr\u00fcnder und Eigent\u00fcmer<\/em><\/p>\n\n\n\n<hr class=\"wp-block-separator\"\/>\n\n\n\n<h2 class=\"wp-block-heading\"> Das finden Sie auf unserer Webseite <\/h2>\n\n\n\n<p>Unter <a href=\"https:\/\/architekten-goldbach.de\/?page_id=6\">Profil <\/a>m\u00f6chten wir uns noch etwas n\u00e4her vorstellen. Unsere Arbeitsweise und unser Alleinstellungsmerkmal pr\u00e4sentieren wir Ihnen auf der Seite <a href=\"https:\/\/architekten-goldbach.de\/?page_id=97\">Unsere Philosophie<\/a>. <\/p>\n\n\n\n<p>In den weiteren Kategorien <a href=\"https:\/\/architekten-goldbach.de\/?page_id=40\">Architekturb\u00fcro<\/a> und <a href=\"https:\/\/architekten-goldbach.de\/?page_id=30\">Hausverwaltung <\/a>finden Sie weitere Informationen zu unserem <strong>f\u00fcr Sie ma\u00dfgeschneidertem All-in-One Angebot<\/strong>. Gehen Sie hierbei jeweils in die Unterkategorien f\u00fcr detaillierte Informationen. <\/p>\n\n\n\n<p>Sie suchen nach einem neuen Zuhause? Unsere <strong>aktuell verf\u00fcgbaren Immobilienobjekte<\/strong> finden Sie unter <a href=\"https:\/\/architekten-goldbach.de\/?page_id=33\">Freie Mietwohnungen<\/a>. <\/p>\n\n","protected":false},"excerpt":{"rendered":"<p>Wir stellen uns vor Herzlich Willkommen beim Architekturb\u00fcro und der Immobilienverwaltung Goldbach in Fulda.Mit uns haben Sie Ihren einheitlichen Kompetenzpartner f\u00fcr Ihre Immobilie gefunden. Professionelle L\u00f6sungen aus einer Hand &#8211; sei es der Umbau Ihres Dachstuhls oder der Rohrbruch in Ihrem Haus. Wir l\u00f6sen Ihr Problem und finden die richtigen Antworten auf Ihre geb\u00e4udetechnischen Fragen. &hellip; <\/p>\n<p class=\"link-more\"><a href=\"https:\/\/architekten-goldbach.de\/\" class=\"more-link\"><span class=\"screen-reader-text\">\u201eArchitekturb\u00fcro, Immobilien- und Hausverwaltung Goldbach in Fulda\u201c <\/span>weiterlesen<\/a><\/p>\n","protected":false},"author":1,"featured_media":0,"parent":0,"menu_order":0,"comment_status":"closed","ping_status":"open","template":"","meta":{"footnotes":""},"class_list":["post-132","page","type-page","status-publish","hentry"],"_links":{"self":[{"href":"https:\/\/architekten-goldbach.de\/index.php?rest_route=\/wp\/v2\/pages\/132"}],"collection":[{"href":"https:\/\/architekten-goldbach.de\/index.php?rest_route=\/wp\/v2\/pages"}],"about":[{"href":"https:\/\/architekten-goldbach.de\/index.php?rest_route=\/wp\/v2\/types\/page"}],"author":[{"embeddable":true,"href":"https:\/\/architekten-goldbach.de\/index.php?rest_route=\/wp\/v2\/users\/1"}],"replies":[{"embeddable":true,"href":"https:\/\/architekten-goldbach.de\/index.php?rest_route=%2Fwp%2Fv2%2Fcomments&post=132"}],"version-history":[{"count":0,"href":"https:\/\/architekten-goldbach.de\/index.php?rest_route=\/wp\/v2\/pages\/132\/revisions"}],"wp:attachment":[{"href":"https:\/\/architekten-goldbach.de\/index.php?rest_route=%2Fwp%2Fv2%2Fmedia&parent=132"}],"curies":[{"name":"wp","href":"https:\/\/api.w.org\/{rel}","templated":true}]}}