{"id":30,"date":"2020-03-23T16:14:17","date_gmt":"2020-03-23T15:14:17","guid":{"rendered":"https:\/\/architekten-goldbach.de\/?page_id=30"},"modified":"2024-11-03T21:21:14","modified_gmt":"2024-11-03T21:21:14","slug":"hausverwaltung-fulda","status":"publish","type":"page","link":"https:\/\/architekten-goldbach.de\/?page_id=30","title":{"rendered":"Immobilien- und Hausverwaltung Fulda"},"content":{"rendered":"\n<p>Auf dieser Seite m\u00f6chten wir Ihnen unsere T\u00e4tigkeiten als <strong>Immobilien- und Hausverwaltung Fulda<\/strong> n\u00e4herbringen. Unser geografischer Fokus liegt neben Fulda auf <strong>Osthessen<\/strong>. Sie kommen nicht aus Osthessen? <a href=\"https:\/\/architekten-goldbach.de\/?page_id=55\">Kontaktieren Sie uns gerne<\/a> trotzdem. Wir werden sicherlich trotzdem eine L\u00f6sung finden, wie wir Ihnen behilflich sein k\u00f6nnen.<\/p>\n\n\n\n<div class=\"wp-block-image\"><figure class=\"aligncenter size-large is-resized\"><img loading=\"lazy\" decoding=\"async\" src=\"https:\/\/architekten-goldbach.de\/wp-content\/uploads\/2020\/03\/ivg-goldbach-e1585505418866-1.png\" alt=\"Hausverwaltung Fulda, IVG Goldbach und Hausverwaltung Wiens\" class=\"wp-image-128\" width=\"466\" height=\"150\"\/><figcaption> Das Logo der\u00a0<strong>IVG Goldbach<\/strong>, unsere Hausverwaltung Fulda. Angeschlossen und unter einem Dach sitzend ist ebenfalls die\u00a0<strong>Hausverwaltung Wiens<\/strong>.<\/figcaption><\/figure><\/div>\n\n\n\n<p>Aufgrund des Gesetzes \u00fcber das Wohnungseigentum ist die Verwaltung des gemeinschaftlichen Eigentums zwingend von einem Verwalter vorzunehmen.<br \/>Oft gilt auch f\u00fcr den Vermieter einer Mietwohnung wegen der Komplexit\u00e4t der heutigen Immobilienwirtschaft, dass er nicht alle Aufgaben und T\u00e4tigkeiten, die dieser Bereich mit sich bringt, konsequent und ohne Einschr\u00e4nkungen erf\u00fcllen kann. Deshalb ist es auch f\u00fcr ihn oft notwendig, einen externen Hausverwalter zu beordern.<br \/>Die Hausverwaltung besch\u00e4ftigt sich mit der&nbsp;<strong>Verwaltung von Eigentums- sowie Mietobjekten<\/strong>. Alle das Haus betreffende Angelegenheiten, die b\u00fcrom\u00e4\u00dfig bearbeitet werden, sind Aufgaben des Hausverwalters. Beispiele hierf\u00fcr sind das Erstellen der j\u00e4hrlich anfallenden Hausgeld- oder Nebenkostenabrechnungen, das Einziehen der Hausgelder bzw. Mieten, das K\u00fcmmern um Rechte und Pflichten der Eigent\u00fcmer bzw. Vermieter oder auch Wohnungsabnahmen sowie Neuvermietungen.<br \/><\/p>\n\n\n\n<h3 class=\"wp-block-heading\">WEG-Hausverwaltung<\/h3>\n\n\n\n<p>Die Verwaltung eines Gemeinschaftseigentums erweist sich oft als nicht einfach. Denn verschiedene Eigent\u00fcmer unter einem Dach haben meist unterschiedliche Ziele und Interessen. In diesem Fall fungieren wir als&nbsp;<strong>kompetenter Berater<\/strong>&nbsp;und versuchen eine ausgleichende L\u00f6sung zu finden, in der sich die Eigent\u00fcmer erkennen k\u00f6nnen. In ordentlichen und &#8211; falls notwendig &#8211; au\u00dferordentlichen&nbsp;<strong>Eigent\u00fcmerversammlungen<\/strong>&nbsp;wird gemeinsam \u00fcber aktuelle Probleme und anstehende Projekte wie z.B. Modernisierungen oder die Verbesserung von Sicherheitseinrichtungen diskutiert. Hierbei hat jeder Eigent\u00fcmer das Recht, eigene Vorschl\u00e4ge, Meinungen und Fragen einzubringen. Die Ausf\u00fchrung der von der Eigent\u00fcmergemeinschaft getroffenen Beschl\u00fcsse steht bei uns unter&nbsp;<strong>gewissenhafter Kontrolle<\/strong>.<br \/>Nat\u00fcrlich stehen wir auch au\u00dferhalb der Eigent\u00fcmerversammlungen w\u00e4hrend der B\u00fcrozeiten f\u00fcr die Eigent\u00fcmer zur Verf\u00fcgung und haben f\u00fcr alles ein&nbsp;<strong>offenes Ohr<\/strong>. In Notf\u00e4llen sind wir fast rund um die Uhr telefonisch zu erreichen.<br \/><\/p>\n\n\n\n<h3 class=\"wp-block-heading\">Mietverwaltung<\/h3>\n\n\n\n<p>In diesem Bereich der Hausverwaltung k\u00f6nnen wir dem Vermieter besonders viele Aufgaben abnehmen. Mithilfe von&nbsp;<strong>moderner Informationstechnologie<\/strong>&nbsp;erstellen und kontrollieren wir anstehende Abrechnungen und den Zahlungsverkehr (Geb\u00fchren, Steuern, Abgaben, Versicherungspr\u00e4mien, etc.) Auch der gesamte aus dem Mietverh\u00e4ltnis resultierende Schriftverkehr wird \u00fcber uns abgewickelt und von uns bearbeitet. Sollte eine Wohnung frei werden, bem\u00fchen wir uns eigenst\u00e4ndig um eine&nbsp;<strong>schnelle Neuvermietung<\/strong>. Dazu geh\u00f6ren die Erstellung eines&nbsp;<strong>rechtlich gepr\u00fcften Mietvertrags<\/strong>&nbsp;sowie der gesamte&nbsp;<strong>Schriftverkehr<\/strong>&nbsp;mit potentiellen neuen Mietern. Wir \u00fcberpr\u00fcfen zudem regelm\u00e4\u00dfig, ob&nbsp;<strong>Sanierungen<\/strong>&nbsp;oder&nbsp;<strong>Modernisierungen<\/strong>&nbsp;erforderlich sind und bieten Ihnen eine&nbsp;<strong>professionelle Beratung<\/strong>. Unsere Arbeit ist kundennah und immer kundenorientiert, Ihre Belange interessieren uns und werden stets mit Sorgfalt bearbeitet!<br \/><\/p>\n\n\n\n<h3 class=\"wp-block-heading\">Facility Management<\/h3>\n\n\n\n<p>Laut der International Facility Management Association integriert das Facility Management &#8222;die Grundlagen der Betriebswirtschaft, der Architektur sowie der Verhaltens-, Rechts- und Ingenieurwissenschaften bei der Koordination des physischen Arbeitsplatzes mit den Menschen und mit der Arbeit der Organisation&#8220;. Konkret hei\u00dft dies f\u00fcr uns:&nbsp;<strong>Wir k\u00fcmmern uns um Ihr Haus!<\/strong>&nbsp;Wenn Reparaturen oder Sanierungen notwendig sind, dann leiten wir diese in die Wege. Wir sorgen f\u00fcr die Instandhaltung und die Reinhaltung ihres Hauses. Unsere langfristige Aufgabe ist es, ihr Haus so zu erhalten, dass es immer Ihren Anspr\u00fcchen und Anforderungen entspricht (oder noch besser: \u00fcbertrifft).<br \/><\/p>\n\n\n\n<h3 class=\"wp-block-heading\">Verm\u00f6gensschaden-Haftpflichtversicherung<\/h3>\n\n\n\n<p>Selbstverst\u00e4ndlich geh\u00f6rt f\u00fcr uns zur ordnungsm\u00e4\u00dfigen Hausverwaltung auch die Unterhaltung einer Verm\u00f6gensschaden-Haftpflichtversicherung in ausreichender H\u00f6he.<\/p>\n\n\n\n<h2 class=\"wp-block-heading\">Kontaktieren Sie uns<\/h2>\n\n\n\n<p>Die IVG Goldbach und die Hausverwaltung Wiens in Fulda stehen Ihnen jederzeit f\u00fcr Ihre Fragen zur Verf\u00fcgen. Kontaktieren Sie uns einfach \u00fcber unser <a href=\"https:\/\/architekten-goldbach.de\/?page_id=55\">Kontaktformular<\/a>.<\/p>\n\n\n\n<h2 class=\"wp-block-heading\">Weiterf\u00fchrende Links<\/h2>\n\n\n\n<p>Unsere aktuell verf\u00fcgbaren Objekte zur Miete in und um Fulda finden Sie unter <a href=\"https:\/\/architekten-goldbach.de\/?page_id=33\">Freie Mietwohnungen<\/a>.<\/p>\n\n","protected":false},"excerpt":{"rendered":"<p>Auf dieser Seite m\u00f6chten wir Ihnen unsere T\u00e4tigkeiten als Immobilien- und Hausverwaltung Fulda n\u00e4herbringen. Unser geografischer Fokus liegt neben Fulda auf Osthessen. Sie kommen nicht aus Osthessen? Kontaktieren Sie uns gerne trotzdem. Wir werden sicherlich trotzdem eine L\u00f6sung finden, wie wir Ihnen behilflich sein k\u00f6nnen. Aufgrund des Gesetzes \u00fcber das Wohnungseigentum ist die Verwaltung des &hellip; <\/p>\n<p class=\"link-more\"><a href=\"https:\/\/architekten-goldbach.de\/?page_id=30\" class=\"more-link\"><span class=\"screen-reader-text\">\u201eImmobilien- und Hausverwaltung Fulda\u201c <\/span>weiterlesen<\/a><\/p>\n","protected":false},"author":1,"featured_media":0,"parent":0,"menu_order":0,"comment_status":"closed","ping_status":"closed","template":"","meta":{"footnotes":""},"class_list":["post-30","page","type-page","status-publish","hentry"],"_links":{"self":[{"href":"https:\/\/architekten-goldbach.de\/index.php?rest_route=\/wp\/v2\/pages\/30"}],"collection":[{"href":"https:\/\/architekten-goldbach.de\/index.php?rest_route=\/wp\/v2\/pages"}],"about":[{"href":"https:\/\/architekten-goldbach.de\/index.php?rest_route=\/wp\/v2\/types\/page"}],"author":[{"embeddable":true,"href":"https:\/\/architekten-goldbach.de\/index.php?rest_route=\/wp\/v2\/users\/1"}],"replies":[{"embeddable":true,"href":"https:\/\/architekten-goldbach.de\/index.php?rest_route=%2Fwp%2Fv2%2Fcomments&post=30"}],"version-history":[{"count":1,"href":"https:\/\/architekten-goldbach.de\/index.php?rest_route=\/wp\/v2\/pages\/30\/revisions"}],"predecessor-version":[{"id":178,"href":"https:\/\/architekten-goldbach.de\/index.php?rest_route=\/wp\/v2\/pages\/30\/revisions\/178"}],"wp:attachment":[{"href":"https:\/\/architekten-goldbach.de\/index.php?rest_route=%2Fwp%2Fv2%2Fmedia&parent=30"}],"curies":[{"name":"wp","href":"https:\/\/api.w.org\/{rel}","templated":true}]}}